{"id":3322,"date":"2021-05-24T21:41:31","date_gmt":"2021-05-24T21:41:31","guid":{"rendered":"http:\/\/www.inesa.com.do\/?post_type=product&#038;p=3322"},"modified":"2021-05-24T21:45:27","modified_gmt":"2021-05-24T21:45:27","slug":"jergens-miel-nutritiva-2","status":"publish","type":"product","link":"https:\/\/www.inesa.com.do\/?product=jergens-miel-nutritiva-2","title":{"rendered":"Jergens Miel Nutritiva"},"content":{"rendered":"<p>Con esencia de miel y azahar, esta f\u00f3rmula hidrata y suaviza para revelar una piel profundamente nutrida y visiblemente m\u00e1s suave.<\/p>\n<p>F\u00f3rmula exclusiva que contiene una resplandeciente mezcla Hydralucence.<\/p>\n<p>Util\u00edzala todos los d\u00edas para tener una piel profundamente luminosa y visiblemente m\u00e1s suave.<\/p>\n","protected":false},"excerpt":{"rendered":"<p>Con esencia de miel y azahar, esta f\u00f3rmula hidrata y suaviza para revelar una piel profundamente nutrida.<\/p>\n","protected":false},"featured_media":3323,"comment_status":"open","ping_status":"closed","template":"","meta":[],"product_cat":[134,133],"product_tag":[174,190],"_links":{"self":[{"href":"https:\/\/www.inesa.com.do\/index.php?rest_route=\/wp\/v2\/product\/3322"}],"collection":[{"href":"https:\/\/www.inesa.com.do\/index.php?rest_route=\/wp\/v2\/product"}],"about":[{"href":"https:\/\/www.inesa.com.do\/index.php?rest_route=\/wp\/v2\/types\/product"}],"replies":[{"embeddable":true,"href":"https:\/\/www.inesa.com.do\/index.php?rest_route=%2Fwp%2Fv2%2Fcomments&post=3322"}],"version-history":[{"count":1,"href":"https:\/\/www.inesa.com.do\/index.php?rest_route=\/wp\/v2\/product\/3322\/revisions"}],"predecessor-version":[{"id":3324,"href":"https:\/\/www.inesa.com.do\/index.php?rest_route=\/wp\/v2\/product\/3322\/revisions\/3324"}],"wp:featuredmedia":[{"embeddable":true,"href":"https:\/\/www.inesa.com.do\/index.php?rest_route=\/wp\/v2\/media\/3323"}],"wp:attachment":[{"href":"https:\/\/www.inesa.com.do\/index.php?rest_route=%2Fwp%2Fv2%2Fmedia&parent=3322"}],"wp:term":[{"taxonomy":"product_cat","embeddable":true,"href":"https:\/\/www.inesa.com.do\/index.php?rest_route=%2Fwp%2Fv2%2Fproduct_cat&post=3322"},{"taxonomy":"product_tag","embeddable":true,"href":"https:\/\/www.inesa.com.do\/index.php?rest_route=%2Fwp%2Fv2%2Fproduct_tag&post=3322"}],"curies":[{"name":"wp","href":"https:\/\/api.w.org\/{rel}","templated":true}]}}