{"id":3426,"date":"2021-05-25T01:02:56","date_gmt":"2021-05-25T01:02:56","guid":{"rendered":"http:\/\/www.inesa.com.do\/?post_type=product&#038;p=3426"},"modified":"2021-05-25T01:09:59","modified_gmt":"2021-05-25T01:09:59","slug":"curel-anti-itch-defense","status":"publish","type":"product","link":"https:\/\/www.inesa.com.do\/?product=curel-anti-itch-defense","title":{"rendered":"Curel Anti Itch Defense"},"content":{"rendered":"<p>Curel Itch Defense protege y alivia la comez\u00f3n en la piel sensible y la asociada con la resequedad de la piel. Contiene Ceramidas que sellan y preservan el nivel de hidrataci\u00f3n de la piel. Probada alerg\u00e9nica y dermatol\u00f3gicamente. Ayuda a combatir el Eczema en la piel. Con Manteca de Karit\u00e9 y Pro vitamina B5.<\/p>\n","protected":false},"excerpt":{"rendered":"<p>Protege y alivia la comez\u00f3n en la piel sensible y la asociada con la resequedad de la piel.<\/p>\n","protected":false},"featured_media":3427,"comment_status":"open","ping_status":"closed","template":"","meta":[],"product_cat":[133,168],"product_tag":[214,215],"_links":{"self":[{"href":"https:\/\/www.inesa.com.do\/index.php?rest_route=\/wp\/v2\/product\/3426"}],"collection":[{"href":"https:\/\/www.inesa.com.do\/index.php?rest_route=\/wp\/v2\/product"}],"about":[{"href":"https:\/\/www.inesa.com.do\/index.php?rest_route=\/wp\/v2\/types\/product"}],"replies":[{"embeddable":true,"href":"https:\/\/www.inesa.com.do\/index.php?rest_route=%2Fwp%2Fv2%2Fcomments&post=3426"}],"version-history":[{"count":2,"href":"https:\/\/www.inesa.com.do\/index.php?rest_route=\/wp\/v2\/product\/3426\/revisions"}],"predecessor-version":[{"id":3432,"href":"https:\/\/www.inesa.com.do\/index.php?rest_route=\/wp\/v2\/product\/3426\/revisions\/3432"}],"wp:featuredmedia":[{"embeddable":true,"href":"https:\/\/www.inesa.com.do\/index.php?rest_route=\/wp\/v2\/media\/3427"}],"wp:attachment":[{"href":"https:\/\/www.inesa.com.do\/index.php?rest_route=%2Fwp%2Fv2%2Fmedia&parent=3426"}],"wp:term":[{"taxonomy":"product_cat","embeddable":true,"href":"https:\/\/www.inesa.com.do\/index.php?rest_route=%2Fwp%2Fv2%2Fproduct_cat&post=3426"},{"taxonomy":"product_tag","embeddable":true,"href":"https:\/\/www.inesa.com.do\/index.php?rest_route=%2Fwp%2Fv2%2Fproduct_tag&post=3426"}],"curies":[{"name":"wp","href":"https:\/\/api.w.org\/{rel}","templated":true}]}}