{"id":3550,"date":"2021-05-25T16:01:18","date_gmt":"2021-05-25T16:01:18","guid":{"rendered":"http:\/\/www.inesa.com.do\/?post_type=product&#038;p=3550"},"modified":"2021-09-21T14:28:34","modified_gmt":"2021-09-21T18:28:34","slug":"palmers-shea-butter-lip-balm","status":"publish","type":"product","link":"https:\/\/www.inesa.com.do\/?product=palmers-shea-butter-lip-balm","title":{"rendered":"Palmers Shea Butter Lip Balm"},"content":{"rendered":"<p>Suaviza, hidrata y protege los labios agrietados.<br \/>\nHumedad las 24 horas<br \/>\nFormulado con manteca de karit\u00e9 de origen \u00e9tico y sostenible en \u00c1frica occidental<br \/>\nSin parabenos, ftalatos, aceite mineral, gluten, sulfatos ni colorantes.<\/p>\n<p>Manteca de karit\u00e9 y aceite de coco de origen \u00e9tico y sostenible. Estos ingredientes puros y naturales brindan una rica hidrataci\u00f3n para labios suaves y mimados. Este b\u00e1lsamo labial cremoso y delicioso al tacto mantiene los labios hidratados durante todo el d\u00eda y los protege contra grietas y grietas.<\/p>\n","protected":false},"excerpt":{"rendered":"<p>Suaviza, hidrata y protege los labios agrietados.<\/p>\n","protected":false},"featured_media":3551,"comment_status":"open","ping_status":"closed","template":"","meta":[],"product_cat":[152,48],"product_tag":[261,218,264,265,171],"_links":{"self":[{"href":"https:\/\/www.inesa.com.do\/index.php?rest_route=\/wp\/v2\/product\/3550"}],"collection":[{"href":"https:\/\/www.inesa.com.do\/index.php?rest_route=\/wp\/v2\/product"}],"about":[{"href":"https:\/\/www.inesa.com.do\/index.php?rest_route=\/wp\/v2\/types\/product"}],"replies":[{"embeddable":true,"href":"https:\/\/www.inesa.com.do\/index.php?rest_route=%2Fwp%2Fv2%2Fcomments&post=3550"}],"version-history":[{"count":2,"href":"https:\/\/www.inesa.com.do\/index.php?rest_route=\/wp\/v2\/product\/3550\/revisions"}],"predecessor-version":[{"id":3921,"href":"https:\/\/www.inesa.com.do\/index.php?rest_route=\/wp\/v2\/product\/3550\/revisions\/3921"}],"wp:featuredmedia":[{"embeddable":true,"href":"https:\/\/www.inesa.com.do\/index.php?rest_route=\/wp\/v2\/media\/3551"}],"wp:attachment":[{"href":"https:\/\/www.inesa.com.do\/index.php?rest_route=%2Fwp%2Fv2%2Fmedia&parent=3550"}],"wp:term":[{"taxonomy":"product_cat","embeddable":true,"href":"https:\/\/www.inesa.com.do\/index.php?rest_route=%2Fwp%2Fv2%2Fproduct_cat&post=3550"},{"taxonomy":"product_tag","embeddable":true,"href":"https:\/\/www.inesa.com.do\/index.php?rest_route=%2Fwp%2Fv2%2Fproduct_tag&post=3550"}],"curies":[{"name":"wp","href":"https:\/\/api.w.org\/{rel}","templated":true}]}}