{"id":3700,"date":"2021-05-27T13:24:50","date_gmt":"2021-05-27T17:24:50","guid":{"rendered":"http:\/\/www.inesa.com.do\/?post_type=product&#038;p=3700"},"modified":"2024-03-16T16:29:52","modified_gmt":"2024-03-16T20:29:52","slug":"straight-fixation-crema-de-peinar","status":"publish","type":"product","link":"https:\/\/www.inesa.com.do\/?product=straight-fixation-crema-de-peinar","title":{"rendered":"Straight Fixation\u00ae Crema de peinar"},"content":{"rendered":"<p>C\u00d3MO FUNCIONA:<\/p>\n<div>\u2022F\u00f3rmula de crema ligera, infundida con prote\u00edna de leche y aceite de almendras dulces, se aplica sobre el cabello mojado o h\u00famedo para alisarlo y acondicionarlo.<\/div>\n<div>\u2022<\/div>\n<div>\u2022Contiene protecci\u00f3n contra el calor para un estilo elegante y liso sin frizz.<\/div>\n<p>&nbsp;<\/p>\n<p>USO Y CONSEJOS: Coloca una cantidad peque\u00f1a de Straight Fixation\u00ae Smoothing Cr\u00e8me en las manos y fr\u00f3talas.<\/p>\n<p>Distribuye la crema sobre el cabello mojado o h\u00famedo uniformemente desde la ra\u00edz hasta las puntas.<\/p>\n<p>Seca peque\u00f1as secciones de cabello con un cepillo redondo de tama\u00f1o mediano para estilizar cada secci\u00f3n lisa.<\/p>\n<p>Para obtener resultados de alisado m\u00e1ximos, sigue con la plancha alaciadora.<\/p>\n<p>&nbsp;<\/p>\n<p>Consejo de Estilista: Despu\u00e9s de aplicar el producto, pasa un peine de dientes anchos por el cabello para asegurar una distribuci\u00f3n uniforme del producto.<\/p>\n","protected":false},"excerpt":{"rendered":"<p>C\u00d3MO FUNCIONA: \u2022F\u00f3rmula de crema ligera, infundida con prote\u00edna de leche y aceite de almendras dulces, se aplica&hellip;<\/p>\n","protected":false},"featured_media":4404,"comment_status":"open","ping_status":"closed","template":"","meta":[],"product_cat":[318,118],"product_tag":[319,157,320],"_links":{"self":[{"href":"https:\/\/www.inesa.com.do\/index.php?rest_route=\/wp\/v2\/product\/3700"}],"collection":[{"href":"https:\/\/www.inesa.com.do\/index.php?rest_route=\/wp\/v2\/product"}],"about":[{"href":"https:\/\/www.inesa.com.do\/index.php?rest_route=\/wp\/v2\/types\/product"}],"replies":[{"embeddable":true,"href":"https:\/\/www.inesa.com.do\/index.php?rest_route=%2Fwp%2Fv2%2Fcomments&post=3700"}],"version-history":[{"count":2,"href":"https:\/\/www.inesa.com.do\/index.php?rest_route=\/wp\/v2\/product\/3700\/revisions"}],"predecessor-version":[{"id":4403,"href":"https:\/\/www.inesa.com.do\/index.php?rest_route=\/wp\/v2\/product\/3700\/revisions\/4403"}],"wp:featuredmedia":[{"embeddable":true,"href":"https:\/\/www.inesa.com.do\/index.php?rest_route=\/wp\/v2\/media\/4404"}],"wp:attachment":[{"href":"https:\/\/www.inesa.com.do\/index.php?rest_route=%2Fwp%2Fv2%2Fmedia&parent=3700"}],"wp:term":[{"taxonomy":"product_cat","embeddable":true,"href":"https:\/\/www.inesa.com.do\/index.php?rest_route=%2Fwp%2Fv2%2Fproduct_cat&post=3700"},{"taxonomy":"product_tag","embeddable":true,"href":"https:\/\/www.inesa.com.do\/index.php?rest_route=%2Fwp%2Fv2%2Fproduct_tag&post=3700"}],"curies":[{"name":"wp","href":"https:\/\/api.w.org\/{rel}","templated":true}]}}