{"id":3718,"date":"2021-05-28T12:50:27","date_gmt":"2021-05-28T16:50:27","guid":{"rendered":"http:\/\/www.inesa.com.do\/?post_type=product&#038;p=3718"},"modified":"2022-07-27T23:57:33","modified_gmt":"2022-07-28T03:57:33","slug":"moisture-barrier-firm-hold-hair-spray","status":"publish","type":"product","link":"https:\/\/www.inesa.com.do\/?product=moisture-barrier-firm-hold-hair-spray","title":{"rendered":"Moisture Barrier Firm-Hold Hair Spray"},"content":{"rendered":"<p>Crea una barrera instant\u00e1nea que apoya el estilo alrededor de los mechones de cabello para ayudar a sellar la humedad y ayudar a prevenir el frizz en cualquier condici\u00f3n clim\u00e1tica.<\/p>\n<p><strong>C\u00d3MO FUNCIONA:<\/strong><\/p>\n<p>La f\u00f3rmula de secado r\u00e1pido y aumento del brillo brinda una fijaci\u00f3n firme para soportar incluso los estilos m\u00e1s dif\u00edciles de manejar durante todo el d\u00eda.<\/p>\n<p>Proporciona una retenci\u00f3n intensa de 24 horas con protecci\u00f3n contra la humedad.<\/p>\n<p>USO Y CONSEJOS: Sost\u00e9n la lata a 10-12 pulgadas del cabello.<\/p>\n<p>Roc\u00eda con un movimiento uniforme y completo para mantener el estilo firmemente en su lugar.<\/p>\n<p>Concentra el aerosol en las \u00e1reas donde desees una retenci\u00f3n m\u00e1xima.<\/p>\n<p>Para nuevos estilos, roc\u00eda la parte posterior de las pinzas para el cabello para obtener textura. El agarre adicional ayuda a que los accesorios para el cabello se mantengan en su lugar.<\/p>\n","protected":false},"excerpt":{"rendered":"<p>Mant\u00e9n tu peinado libre de frizz. Resistencia a la humedad durante 24 horas.<\/p>\n","protected":false},"featured_media":4402,"comment_status":"open","ping_status":"closed","template":"","meta":[],"product_cat":[118,325],"product_tag":[329,157,245],"_links":{"self":[{"href":"https:\/\/www.inesa.com.do\/index.php?rest_route=\/wp\/v2\/product\/3718"}],"collection":[{"href":"https:\/\/www.inesa.com.do\/index.php?rest_route=\/wp\/v2\/product"}],"about":[{"href":"https:\/\/www.inesa.com.do\/index.php?rest_route=\/wp\/v2\/types\/product"}],"replies":[{"embeddable":true,"href":"https:\/\/www.inesa.com.do\/index.php?rest_route=%2Fwp%2Fv2%2Fcomments&post=3718"}],"version-history":[{"count":1,"href":"https:\/\/www.inesa.com.do\/index.php?rest_route=\/wp\/v2\/product\/3718\/revisions"}],"predecessor-version":[{"id":3720,"href":"https:\/\/www.inesa.com.do\/index.php?rest_route=\/wp\/v2\/product\/3718\/revisions\/3720"}],"wp:featuredmedia":[{"embeddable":true,"href":"https:\/\/www.inesa.com.do\/index.php?rest_route=\/wp\/v2\/media\/4402"}],"wp:attachment":[{"href":"https:\/\/www.inesa.com.do\/index.php?rest_route=%2Fwp%2Fv2%2Fmedia&parent=3718"}],"wp:term":[{"taxonomy":"product_cat","embeddable":true,"href":"https:\/\/www.inesa.com.do\/index.php?rest_route=%2Fwp%2Fv2%2Fproduct_cat&post=3718"},{"taxonomy":"product_tag","embeddable":true,"href":"https:\/\/www.inesa.com.do\/index.php?rest_route=%2Fwp%2Fv2%2Fproduct_tag&post=3718"}],"curies":[{"name":"wp","href":"https:\/\/api.w.org\/{rel}","templated":true}]}}