{"id":3939,"date":"2021-09-21T16:01:17","date_gmt":"2021-09-21T20:01:17","guid":{"rendered":"http:\/\/www.inesa.com.do\/?post_type=product&#038;p=3939"},"modified":"2021-09-21T16:26:56","modified_gmt":"2021-09-21T20:26:56","slug":"aceite-de-menta","status":"publish","type":"product","link":"https:\/\/www.inesa.com.do\/?product=aceite-de-menta","title":{"rendered":"Capilo Pro Aceite de Menta"},"content":{"rendered":"<p>Para el cabello:<br \/>\nAyuda a prevenir la rotura de la hebra y reducir la ca\u00edda del cabello. Adem\u00e1s de ayudar al crecimiento capilar, mediante la estimulaci\u00f3n del cuero cabelludo.<\/p>\n","protected":false},"excerpt":{"rendered":"<p>Aceite de Menta<\/p>\n","protected":false},"featured_media":3940,"comment_status":"open","ping_status":"closed","template":"","meta":[],"product_cat":[165,133],"product_tag":[228,231,390,389],"_links":{"self":[{"href":"https:\/\/www.inesa.com.do\/index.php?rest_route=\/wp\/v2\/product\/3939"}],"collection":[{"href":"https:\/\/www.inesa.com.do\/index.php?rest_route=\/wp\/v2\/product"}],"about":[{"href":"https:\/\/www.inesa.com.do\/index.php?rest_route=\/wp\/v2\/types\/product"}],"replies":[{"embeddable":true,"href":"https:\/\/www.inesa.com.do\/index.php?rest_route=%2Fwp%2Fv2%2Fcomments&post=3939"}],"version-history":[{"count":2,"href":"https:\/\/www.inesa.com.do\/index.php?rest_route=\/wp\/v2\/product\/3939\/revisions"}],"predecessor-version":[{"id":3966,"href":"https:\/\/www.inesa.com.do\/index.php?rest_route=\/wp\/v2\/product\/3939\/revisions\/3966"}],"wp:featuredmedia":[{"embeddable":true,"href":"https:\/\/www.inesa.com.do\/index.php?rest_route=\/wp\/v2\/media\/3940"}],"wp:attachment":[{"href":"https:\/\/www.inesa.com.do\/index.php?rest_route=%2Fwp%2Fv2%2Fmedia&parent=3939"}],"wp:term":[{"taxonomy":"product_cat","embeddable":true,"href":"https:\/\/www.inesa.com.do\/index.php?rest_route=%2Fwp%2Fv2%2Fproduct_cat&post=3939"},{"taxonomy":"product_tag","embeddable":true,"href":"https:\/\/www.inesa.com.do\/index.php?rest_route=%2Fwp%2Fv2%2Fproduct_tag&post=3939"}],"curies":[{"name":"wp","href":"https:\/\/api.w.org\/{rel}","templated":true}]}}