{"id":4039,"date":"2021-09-21T17:57:12","date_gmt":"2021-09-21T21:57:12","guid":{"rendered":"http:\/\/www.inesa.com.do\/?post_type=product&#038;p=4039"},"modified":"2024-03-16T16:31:51","modified_gmt":"2024-03-16T20:31:51","slug":"capilo-pro-gotero-b-detox","status":"publish","type":"product","link":"https:\/\/www.inesa.com.do\/?product=capilo-pro-gotero-b-detox","title":{"rendered":"Capilo Pro Gotero B Detox"},"content":{"rendered":"<p>Elaborado a base de ingredientes naturales como el Carb\u00f3n Activado (Charcoal), Extracto de Hamamelis, Tea Tree Oil y Menta, que ayudan a restaurar la hidrataci\u00f3n del cuero cabelludo y de las ra\u00edces del cabello.<\/p>\n","protected":false},"excerpt":{"rendered":"<p>Elaborado a base de Carb\u00f3n Activado (Charcoal) y Menta<\/p>\n","protected":false},"featured_media":4040,"comment_status":"open","ping_status":"closed","template":"","meta":[],"product_cat":[118,407,119],"product_tag":[406,282,58],"_links":{"self":[{"href":"https:\/\/www.inesa.com.do\/index.php?rest_route=\/wp\/v2\/product\/4039"}],"collection":[{"href":"https:\/\/www.inesa.com.do\/index.php?rest_route=\/wp\/v2\/product"}],"about":[{"href":"https:\/\/www.inesa.com.do\/index.php?rest_route=\/wp\/v2\/types\/product"}],"replies":[{"embeddable":true,"href":"https:\/\/www.inesa.com.do\/index.php?rest_route=%2Fwp%2Fv2%2Fcomments&post=4039"}],"version-history":[{"count":1,"href":"https:\/\/www.inesa.com.do\/index.php?rest_route=\/wp\/v2\/product\/4039\/revisions"}],"predecessor-version":[{"id":4041,"href":"https:\/\/www.inesa.com.do\/index.php?rest_route=\/wp\/v2\/product\/4039\/revisions\/4041"}],"wp:featuredmedia":[{"embeddable":true,"href":"https:\/\/www.inesa.com.do\/index.php?rest_route=\/wp\/v2\/media\/4040"}],"wp:attachment":[{"href":"https:\/\/www.inesa.com.do\/index.php?rest_route=%2Fwp%2Fv2%2Fmedia&parent=4039"}],"wp:term":[{"taxonomy":"product_cat","embeddable":true,"href":"https:\/\/www.inesa.com.do\/index.php?rest_route=%2Fwp%2Fv2%2Fproduct_cat&post=4039"},{"taxonomy":"product_tag","embeddable":true,"href":"https:\/\/www.inesa.com.do\/index.php?rest_route=%2Fwp%2Fv2%2Fproduct_tag&post=4039"}],"curies":[{"name":"wp","href":"https:\/\/api.w.org\/{rel}","templated":true}]}}