{"id":4548,"date":"2022-07-28T07:58:09","date_gmt":"2022-07-28T11:58:09","guid":{"rendered":"http:\/\/www.inesa.com.do\/?post_type=product&#038;p=4548"},"modified":"2026-02-01T22:59:23","modified_gmt":"2026-02-02T02:59:23","slug":"capilo-aceite-de-espiritu-de-canela","status":"publish","type":"product","link":"https:\/\/www.inesa.com.do\/?product=capilo-aceite-de-espiritu-de-canela","title":{"rendered":"Capilo Aceite de Esp\u00edritu de Canela"},"content":{"rendered":"<p>El Esp\u00edritu de Canela ayuda a prevenir la rotura del cabello y reducir la ca\u00edda del cabello, adem\u00e1s de ayudar al crecimiento del cabello mediante la estimulaci\u00f3n del cuero cabelludo.<\/p>\n","protected":false},"excerpt":{"rendered":"<p>Promueve el crecimiento del cabello mediante la estimulaci\u00f3n del cuero cabelludo.<\/p>\n","protected":false},"featured_media":4549,"comment_status":"open","ping_status":"closed","template":"","meta":[],"product_cat":[554,118],"product_tag":[228,557,398],"_links":{"self":[{"href":"https:\/\/www.inesa.com.do\/index.php?rest_route=\/wp\/v2\/product\/4548"}],"collection":[{"href":"https:\/\/www.inesa.com.do\/index.php?rest_route=\/wp\/v2\/product"}],"about":[{"href":"https:\/\/www.inesa.com.do\/index.php?rest_route=\/wp\/v2\/types\/product"}],"replies":[{"embeddable":true,"href":"https:\/\/www.inesa.com.do\/index.php?rest_route=%2Fwp%2Fv2%2Fcomments&post=4548"}],"version-history":[{"count":1,"href":"https:\/\/www.inesa.com.do\/index.php?rest_route=\/wp\/v2\/product\/4548\/revisions"}],"predecessor-version":[{"id":4550,"href":"https:\/\/www.inesa.com.do\/index.php?rest_route=\/wp\/v2\/product\/4548\/revisions\/4550"}],"wp:featuredmedia":[{"embeddable":true,"href":"https:\/\/www.inesa.com.do\/index.php?rest_route=\/wp\/v2\/media\/4549"}],"wp:attachment":[{"href":"https:\/\/www.inesa.com.do\/index.php?rest_route=%2Fwp%2Fv2%2Fmedia&parent=4548"}],"wp:term":[{"taxonomy":"product_cat","embeddable":true,"href":"https:\/\/www.inesa.com.do\/index.php?rest_route=%2Fwp%2Fv2%2Fproduct_cat&post=4548"},{"taxonomy":"product_tag","embeddable":true,"href":"https:\/\/www.inesa.com.do\/index.php?rest_route=%2Fwp%2Fv2%2Fproduct_tag&post=4548"}],"curies":[{"name":"wp","href":"https:\/\/api.w.org\/{rel}","templated":true}]}}