{"id":4569,"date":"2022-07-28T12:18:20","date_gmt":"2022-07-28T16:18:20","guid":{"rendered":"http:\/\/www.inesa.com.do\/?post_type=product&#038;p=4569"},"modified":"2026-04-24T11:58:25","modified_gmt":"2026-04-24T15:58:25","slug":"partners-desodorante-unscented","status":"publish","type":"product","link":"https:\/\/www.inesa.com.do\/?product=partners-desodorante-unscented","title":{"rendered":"Partners Desodorante Unscented"},"content":{"rendered":"<p>Acci\u00f3n desodorante y anti-perspirante con la m\u00e1xima combinaci\u00f3n de protecci\u00f3n.<\/p>\n","protected":false},"excerpt":{"rendered":"<p>Acci\u00f3n desodorante y anti-perspirante con la m\u00e1xima combinaci\u00f3n de protecci\u00f3n.<\/p>\n","protected":false},"featured_media":4570,"comment_status":"open","ping_status":"closed","template":"","meta":[],"product_cat":[129,125],"product_tag":[559,332,313],"_links":{"self":[{"href":"https:\/\/www.inesa.com.do\/index.php?rest_route=\/wp\/v2\/product\/4569"}],"collection":[{"href":"https:\/\/www.inesa.com.do\/index.php?rest_route=\/wp\/v2\/product"}],"about":[{"href":"https:\/\/www.inesa.com.do\/index.php?rest_route=\/wp\/v2\/types\/product"}],"replies":[{"embeddable":true,"href":"https:\/\/www.inesa.com.do\/index.php?rest_route=%2Fwp%2Fv2%2Fcomments&post=4569"}],"version-history":[{"count":1,"href":"https:\/\/www.inesa.com.do\/index.php?rest_route=\/wp\/v2\/product\/4569\/revisions"}],"predecessor-version":[{"id":4571,"href":"https:\/\/www.inesa.com.do\/index.php?rest_route=\/wp\/v2\/product\/4569\/revisions\/4571"}],"wp:featuredmedia":[{"embeddable":true,"href":"https:\/\/www.inesa.com.do\/index.php?rest_route=\/wp\/v2\/media\/4570"}],"wp:attachment":[{"href":"https:\/\/www.inesa.com.do\/index.php?rest_route=%2Fwp%2Fv2%2Fmedia&parent=4569"}],"wp:term":[{"taxonomy":"product_cat","embeddable":true,"href":"https:\/\/www.inesa.com.do\/index.php?rest_route=%2Fwp%2Fv2%2Fproduct_cat&post=4569"},{"taxonomy":"product_tag","embeddable":true,"href":"https:\/\/www.inesa.com.do\/index.php?rest_route=%2Fwp%2Fv2%2Fproduct_tag&post=4569"}],"curies":[{"name":"wp","href":"https:\/\/api.w.org\/{rel}","templated":true}]}}